 (base 15) in base 9?
-823300
What is -346125 (base 9) in base 13?
-737cc
Convert 1a006c2 (base 14) to base 11.
73178a6
What is -816983 (base 13) in base 3?
-12200010001002
-545160 (base 7) to base 6
-2013513
What is 4140221 (base 8) in base 3?
2001202222222
-8a9bc (base 13) to base 2
-111101100011100110
Convert 32156043 (base 8) to base 6.
403143135
Convert -62ba55 (base 13) to base 5.
-1042421212
What is 285de (base 15) in base 16?
1fa30
What is -211005020 (base 7) in base 12?
-4215a8b
Convert 2c8d52 (base 16) to base 3.
12111100011100
What is 183374 (base 10) in base 9?
308478
Convert -11266 (base 7) to base 3.
-10222001
Convert 1ba325 (base 13) to base 9.
1288135
Convert 403134114 (base 6) to base 11.
397331a
Convert -202200002211 (base 3) to base 10.
-406858
602350 (base 7) to base 15
2020a
What is 162683 (base 11) in base 16?
3d9d8
What is 842039 (base 11) in base 13?
383433
-2522701 (base 9) to base 3
-2120202210001
Convert 3162340 (base 8) to base 9.
1527135
101123222101 (base 4) to base 11
2641354
Convert 1c9886 (base 15) to base 9.
2562270
-14141520 (base 6) to base 3
-220101100010
4540766 (base 9) to base 3
11121100212020
What is -1836b7 (base 12) in base 9?
-711334
What is -a5a4a (base 13) in base 9?
-504226
Convert 27da5c2 (base 14) to base 13.
40173bc
Convert 488a58 (base 11) to base 12.
313599
What is 6127b (base 13) in base 4?
222132303
Convert 1dc28a (base 15) to base 10.
1458580
1b359 (base 14) to base 12
34103
Convert -5543022 (base 6) to base 7.
-2235341
What is 442ba8 (base 12) in base 2?
100001000100000110000
Convert 79005 (base 11) to base 2.
11011111100100111
4412535 (base 6) to base 16
35a0b
What is 7374 (base 8) in base 13?
1991
What is -a3770a (base 12) in base 7?
-30535114
Convert -5012310 (base 7) to base 8.
-2203176
-3998022 (base 11) to base 3
-110222220001101
Convert 1bc29 (base 15) to base 11.
61a93
What is -10a639 (base 16) in base 9?
-2042665
What is -1122010101 (base 3) in base 14?
-ba19
What is -1226653 (base 8) in base 7?
-2612264
What is 5441c2 (base 13) in base 2?
111100011010110110000
Convert 333682 (base 15) to base 9.
4531215
1204b7 (base 14) to base 10
615601
What is 435243452 (base 6) in base 13?
1807358
Convert 10001120002022 (base 3) to base 16.
18cbab
Convert -2254150 (base 6) to base 16.
-1c632
2222100002200 (base 3) to base 7
16304061
Convert -1002155052 (base 6) to base 2.
-100110110110111010001000
-79348 (base 13) to base 10
-220267
12020220021 (base 3) to base 8
312024
Convert 101011010110100010111000 (base 2) to base 11.
6462387
623621 (base 7) to base 5
11410412
12114231 (base 5) to base 11
78466
a489a (base 11) to base 12
74523
What is 2b145 (base 12) in base 15?
12ea2
Convert -2005230 (base 7) to base 8.
-717114
What is 36a7811 (base 11) in base 10?
6437696
Convert -180990 (base 11) to base 8.
-1041507
What is 21224513 (base 6) in base 4?
2120300331
What is -310222001 (base 4) in base 5?
-23400211
What is -10808180 (base 9) in base 10?
-5261346
What is -16430677 (base 8) in base 4?
-32203012333
-32ef3d (base 16) to base 9
-6246838
Convert 4335720 (base 8) to base 5.
244142232
Convert 100221202200 (base 3) to base 8.
576532
Convert 122c6b (base 16) to base 13.
32915b
Convert -365795 (base 11) to base 3.
-1002101200211
What is 548984 (base 15) in base 16?
3d786c
What is -750d8a (base 14) in base 13?
-a88314
Convert -615423 (base 7) to base 12.
-50a43
-113414 (base 11) to base 16
-2bfd8
What is 3646640 (base 7) in base 11?
298a40
-461874 (base 10) to base 14
-c0470
1300123001 (base 4) to base 16
706c1
1dc11f (base 16) to base 14
38a8c7
Convert 525520244 (base 6) to base 5.
4330422204
Convert -320332002 (base 4) to base 8.
-707602
What is 506086 (base 11) in base 15?
110ec5
What is 122202111201122 (base 3) in base 6?
534143112
Convert 23595 (base 14) to base 6.
1502543
Convert -282851 (base 13) to base 5.
-222230021
What is -111233320 (base 4) in base 8?
-255770
What is -1011101100011100 (base 2) in base 11?
-32a96
-1200031113 (base 4) to base 3
-202000120020
What is -11048a (base 12) in base 4?
-1001332222
2334200 (base 5) to base 10
43050
1310130 (base 6) to base 10
71334
172d20 (base 16) to base 4
11302310200
Convert -273803 (base 13) to base 12.
-39a04b
Convert 3554276 (base 9) to base 8.
7260620
-3007333 (base 9) to base 16
-1868d3
-1002432024 (base 5) to base 16
-1e80a6
Convert -25465161 (base 8) to base 4.
-111212221301
-10aa4a (base 15) to base 8
-3021465
74443 (base 14) to base 6
10003403
What is -22211021101 (base 3) in base 8?
-523205
Convert 1b6db6 (base 15) to base 3.
2112001120200
Convert 324103433 (base 5) to base 8.
5243103
24443312 (base 5) to base 15
495dc
-4011244210 (base 5) to base 2
-11110001100100000100011
What is 8b369 (base 16) in base 14?
10bb3b
Convert 101111100010000101001011 (base 2) to base 9.
25401357
What is 210679 (base 10) in base 12?
a1b07
-224341040 (base 5) to base 9
-1812206
-79658e (base 16) to base 13
-185730a
What is -3441232 (base 5) in base 13?
-22335
133a86 (base 12) to base 9
533803
What is 1001001110001101000 (base 2) in base 12?
126a60
What is 45a37 (base 12) in base 6?
1554511
What is -5bfc (base 16) in base 8?
-55774
20110120002 (base 3) to base 5
13033003
-569424 (base 12) to base 2
-101010010000100011100
Convert -702514 (base 10) to base 2.
-10101011100000110010
Convert -663708 (base 9) to base 3.
-202010210022
What is -10541313 (base 6) in base 5?
-40334313
What is 10423220 (base 5) in base 9?
150556
What is 78a7394 (base 11) in base 14?
1ba5a64
Convert 2110001101 (base 3) to base 16.
bc17
What is -1010000101111001001011 (base 2) in base 11?
-1547732
Convert -11111111001110100 (base 2) to base 10.
-130676
1200321041 (base 5) to base 8
12361472
Convert -14134041 (base 7) to base 15.
-1b0ea0
Convert -617270 (base 8) to base 10.
-204472
-10326435 (base 7) to base 4
-3113012112
Convert 2151416 (base 11) to base 9.
7100082
Convert -1103441141 (base 5) to base 16.
-24b5a4
105485 (base 13) to base 15
78778
Convert 515745 (base 10) to base 13.
150999
Convert 1241611 (base 8) to base 3.
122112012122
-300302112 (base 4) to base 14
-52b78
What is -674399 (base 13) in base 11?
-1415041
10110010110100001100 (base 2) to base 6
23410512
-1a8a1b4 (base 13) to base 3
-121112121022120
Convert 14076500 (base 8) to base 15.
42b87c
Convert 556615 (base 7) to base 5.
11122104
-49257 (base 12) to base 7
-561124
Convert -1a8435 (base 13) to base 6.
-22245531
41120236 (base 7) to base 13
932ab8
20486478 (base 9) to base 15
ceb47b
Convert -521347 (base 9) to base 10.
-309382
Convert 12054123 (base 8) to base 3.
11222022221211
What is 1211100112220 (base 3) in base 2?
11101101001010100110
Convert -ab6b7 (base 16) to base 7.
-5653020
Convert 240133324 (base 5) to base 9.
2054748
Convert -1660571 (base 11) to base 4.
-22302002130
Convert 2202430 (base 5) to base 14.
db29
Convert -215544613 (base 7) to base 2.
-110001101110110010100001
Convert 55617 (base 11) to base 3.
11002120100
Convert -5d6831 (base 14) to base 9.
-6026562
What is -6106 (base 7) in base 2?
-100001000001
What is c4442 (base 15) in base 7?
5200205
Convert 13011223 (base 5) to base 7.
1032542
Convert 61a58 (base 12) to base 9.
214085
1c118b0 (base 13) to base 4
203202010102
-693166 (base 10) to base 15
-da5b1
What is -671378 (base 9) in base 8?
-1417560
What is 12694a (base 13) in base 11?
282a71
151225 (base 10) to base 16
24eb9
What is 1001300303 (base 4) in base 14?
70243
Convert 17452908 (base 10) to base 13.
3800c85
Convert -52b81b (base 14) to base 2.
-1010101011000010100001
21434444 (base 6) to base 12
26ba24
What is -11201011211 (base 3) in base 11?
-63725
-118336 (base 10) to base 6
-2311504
-103341304 (base 5) to base 2
-1101101110000101011
What is 2b63b50 (base 12) in base 13?
1aa6ab0
-18a35a (base 13) to base 6
-21201101
331234123 (base 5) to base 13
3b1195
Convert 3365a7 (base 13) to base 11.
759988
Convert 574702 (base 9) to base 14.
8d865
What is 5d01e (base 16) in base 9?
640516
Convert -154320 (base 9) to base 6.
-2011543
What is 163023023 (base 7) in base 15?
e8871e
Convert 149d88 (base 15) to base 9.
1776262
Convert 7535241 (base 8) to base 15.
29ba72
What is 22010230013 (base 4) in base 8?
12045407
-121060 (base 8) to base 7
-232023
-453563 (base 8) to base 7
-1206255
What is 2